{"id":10534,"date":"2023-09-24T14:48:19","date_gmt":"2023-09-24T12:48:19","guid":{"rendered":"https:\/\/hostcnie.com\/demo\/almed\/?page_id=10534"},"modified":"2024-05-13T13:00:41","modified_gmt":"2024-05-13T11:00:41","slug":"abbott-molecular","status":"publish","type":"page","link":"https:\/\/hostcnie.com\/demo\/almed\/abbott-molecular\/","title":{"rendered":"Abbott molecular"},"content":{"rendered":"\t\t<div data-elementor-type=\"wp-page\" data-elementor-id=\"10534\" class=\"elementor elementor-10534\">\n\t\t\t\t\t\t\t\t\t<section class=\"wd-negative-gap elementor-section elementor-top-section elementor-element elementor-element-4396ba92 elementor-reverse-tablet elementor-reverse-mobile elementor-section-boxed elementor-section-height-default elementor-section-height-default wd-section-disabled\" data-id=\"4396ba92\" data-element_type=\"section\">\n\t\t\t\t\t\t<div class=\"elementor-container elementor-column-gap-default\">\n\t\t\t\t\t<div class=\"elementor-column elementor-col-33 elementor-top-column elementor-element elementor-element-276217ca\" data-id=\"276217ca\" data-element_type=\"column\">\n\t\t\t<div class=\"elementor-widget-wrap elementor-element-populated\">\n\t\t\t\t\t\t\t\t<div class=\"elementor-element elementor-element-2c83966c elementor-widget elementor-widget-wd_title\" data-id=\"2c83966c\" data-element_type=\"widget\" data-widget_type=\"wd_title.default\">\n\t\t\t\t<div class=\"elementor-widget-container\">\n\t\t\t\t\t<div class=\"title-wrapper set-mb-s reset-last-child wd-title-color-default wd-title-style-default wd-title-size-large text-left\">\n\n\t\t\t\n\t\t\t<div class=\"liner-continer\">\n\t\t\t\t<h4 class=\"woodmart-title-container title wd-fontsize-xxl\">Abbott\u00ae Molecular <\/h4> \n\t\t\t\t\t\t\t<\/div>\n\n\t\t\t\t\t<\/div>\n\t\t\t\t<\/div>\n\t\t\t\t<\/div>\n\t\t\t\t<div class=\"elementor-element elementor-element-68a6abc8 elementor-widget__width-initial force_justify elementor-widget elementor-widget-wd_text_block\" data-id=\"68a6abc8\" data-element_type=\"widget\" data-widget_type=\"wd_text_block.default\">\n\t\t\t\t<div class=\"elementor-widget-container\">\n\t\t\t\t\t<div class=\"wd-text-block reset-last-child text-left\">\n\t\t\t\n\t\t\t<div style=\"color: #808080; font-family: Arial, sans-serif; text-align: justify;\">R\u00e9volutionnant les soins de sant\u00e9 gr\u00e2ce \u00e0 la biologie mol\u00e9culaire.<\/div>\n<div><\/div>\n<div style=\"color: #808080; font-family: Arial, sans-serif; text-align: justify;\">Abbott\u00ae Molecular une division d'Abbott\u00ae, est un acteur majeur dans le domaine de la biologie mol\u00e9culaire et de la g\u00e9nomique, jouant un r\u00f4le essentiel dans l'avancement des soins de sant\u00e9 personnalis\u00e9s et de la m\u00e9decine de pr\u00e9cision. Avec une histoire riche en innovation, Abbott\u00ae Moleculair s'efforce de mettre \u00e0 la disposition des professionnels de la sant\u00e9 des outils de diagnostic de pointe qui permettent une meilleure compr\u00e9hension des maladies, une d\u00e9tection plus pr\u00e9coce et des traitements plus cibl\u00e9s.<\/div>\n<div><\/div>\n<div style=\"color: #808080; font-family: Arial, sans-serif; text-align: justify;\">Fond\u00e9e en 1888, Abbott\u00ae est une entreprise de soins de sant\u00e9 diversifi\u00e9e, et la division Abbott\u00ae Molecular se distingue par son expertise en biologie mol\u00e9culaire et en g\u00e9nomique. Ses produits et ses technologies r\u00e9volutionnaires sont utilis\u00e9s dans un large \u00e9ventail d'applications m\u00e9dicales, allant de la d\u00e9tection des maladies infectieuses \u00e0 l'identification des mutations g\u00e9n\u00e9tiques associ\u00e9es \u00e0 des maladies h\u00e9r\u00e9ditaires et au cancer.<\/div>\n<div><\/div>\n<div style=\"color: #808080; font-family: Arial, sans-serif; text-align: justify;\">L'une des avanc\u00e9es les plus significatives d'Abbott\u00ae Molecular est le d\u00e9veloppement de tests mol\u00e9culaires qui permettent de d\u00e9tecter des agents pathog\u00e8nes, tels que le VIH, le virus de l'h\u00e9patite C et les pathog\u00e8nes respiratoires, avec une sensibilit\u00e9 et une pr\u00e9cision accrue. Ces tests r\u00e9volutionnaires ont consid\u00e9rablement am\u00e9lior\u00e9 le diagnostic pr\u00e9coce et la gestion des maladies infectieuses, contribuant ainsi \u00e0 la sant\u00e9 publique mondiale.<\/div>\n<div><\/div>\n<div style=\"color: #808080; font-family: Arial, sans-serif; text-align: justify;\">La division s'est \u00e9galement illustr\u00e9e dans le domaine de l'oncologie gr\u00e2ce \u00e0 des tests de biologie mol\u00e9culaire qui aident \u00e0 identifer les mutations g\u00e9n\u00e9tiques sp\u00e9cificiques responsables de la croissance tumorale. Cette approche personnalis\u00e9e permet aux oncologues de recommander des traitements cibl\u00e9s, offrant ainsi de meilleures perspectives de gu\u00e9rison pour les patients atteints de cancer.<\/div>\n\t\t\t\t\t<\/div>\n\t\t\t\t<\/div>\n\t\t\t\t<\/div>\n\t\t\t\t\t<\/div>\n\t\t<\/div>\n\t\t\t\t<div class=\"elementor-column elementor-col-33 elementor-top-column elementor-element elementor-element-86006d8\" data-id=\"86006d8\" data-element_type=\"column\">\n\t\t\t<div class=\"elementor-widget-wrap\">\n\t\t\t\t\t\t\t\t\t<\/div>\n\t\t<\/div>\n\t\t\t\t<div class=\"elementor-column elementor-col-33 elementor-top-column elementor-element elementor-element-10c6877c\" data-id=\"10c6877c\" data-element_type=\"column\">\n\t\t\t<div class=\"elementor-widget-wrap elementor-element-populated\">\n\t\t\t\t\t\t\t\t<div class=\"elementor-element elementor-element-65c5320a elementor-widget__width-initial elementor-widget elementor-widget-wd_image_or_svg\" data-id=\"65c5320a\" data-element_type=\"widget\" data-widget_type=\"wd_image_or_svg.default\">\n\t\t\t\t<div class=\"elementor-widget-container\">\n\t\t\t\n\t\t<div class=\"wd-image text-center\">\n\t\t\t\t\t\t\t\t<img loading=\"lazy\" decoding=\"async\" width=\"362\" height=\"171\" src=\"https:\/\/hostcnie.com\/demo\/almed\/wp-content\/uploads\/2023\/09\/abbott-molecolar.jpg\" class=\"attachment-large size-large wp-image-10692\" alt=\"abbott-molecolar-algerie\" srcset=\"https:\/\/hostcnie.com\/demo\/almed\/wp-content\/uploads\/2023\/09\/abbott-molecolar.jpg 362w, https:\/\/hostcnie.com\/demo\/almed\/wp-content\/uploads\/2023\/09\/abbott-molecolar-150x71.jpg 150w\" sizes=\"auto, (max-width: 362px) 100vw, 362px\" \/>\t\t\t\t\t<\/div>\n\n\t\t\t\t<\/div>\n\t\t\t\t<\/div>\n\t\t\t\t<div class=\"elementor-element elementor-element-2024df14 elementor-widget__width-initial force_justify elementor-widget elementor-widget-wd_text_block\" data-id=\"2024df14\" data-element_type=\"widget\" data-widget_type=\"wd_text_block.default\">\n\t\t\t\t<div class=\"elementor-widget-container\">\n\t\t\t\t\t<div class=\"wd-text-block reset-last-child text-left\">\n\t\t\t\n\t\t\t<div style=\"color: #808080; font-family: Arial, sans-serif; text-align: justify;\">Outre les tests de diagnostic, Abbott\u00ae Molecular d\u00e9veloppe des plates-formes technologiques avanc\u00e9es pour la recherche et le d\u00e9veloppement de m\u00e9dicaments, ainsi que pour les applications de m\u00e9decine de pr\u00e9cision. Ces outils permettent aux chercheurs et aux cliniciens de comprendre les m\u00e9canismes sous-jacents des maladies et de d\u00e9velopper des th\u00e9rapies plus efficaces.<\/div><div>\u00a0<\/div><div style=\"color: #808080; font-family: Arial, sans-serif; text-align: justify;\">En r\u00e9sum\u00e9, Abbott\u00ae Molecular est \u00e0 la pointe de la biologie mol\u00e9culaire et de la g\u00e9nomique, avec un engagement constant envers l'innovation et la recheche des solutions qui am\u00e9liorent la vie des patients. Gr\u00e2ce \u00e0 ses avanc\u00e9es technologiques et \u00e0 son engagement envers la m\u00e9decine de pr\u00e9cision, Abbott\u00ae Molecular joue un r\u00f4le cl\u00e9 dans la transformation des soins de sant\u00e9, en permettant une d\u00e9tection plus pr\u00e9coce des maladies, des traitements plus cibl\u00e9s et une meilleure compr\u00e9hension des m\u00e9canismes biologiques sous-jacents des maladies.<\/div>\n\t\t\t\t\t<\/div>\n\t\t\t\t<\/div>\n\t\t\t\t<\/div>\n\t\t\t\t\t<\/div>\n\t\t<\/div>\n\t\t\t\t\t\t\t<\/div>\n\t\t<\/section>\n\t\t\t\t\t\t\t<\/div>\n\t\t","protected":false},"excerpt":{"rendered":"<p>Abbott\u00ae Molecular R\u00e9volutionnant les soins de sant\u00e9 gr\u00e2ce \u00e0 la biologie mol\u00e9culaire. Abbott\u00ae Molecular une division d&rsquo;Abbott\u00ae, est un acteur<\/p>\n","protected":false},"author":1,"featured_media":0,"parent":0,"menu_order":0,"comment_status":"closed","ping_status":"closed","template":"","meta":{"footnotes":""},"class_list":["post-10534","page","type-page","status-publish","hentry"],"yoast_head":"<!-- This site is optimized with the Yoast SEO plugin v21.7 - https:\/\/yoast.com\/wordpress\/plugins\/seo\/ -->\n<title>Abbott molecular Alg\u00e9rie - ALMED<\/title>\n<meta name=\"description\" content=\"Explorez la gamme compl\u00e8te de solutions de Abbott Molecular Alg\u00e9rie pour r\u00e9pondre aux besoins de votre laboratoire ou de votre pratique m\u00e9dicale. Des technologies de pointe pour des r\u00e9sultats pr\u00e9cis et rapides.\" \/>\n<meta name=\"robots\" content=\"index, follow, max-snippet:-1, max-image-preview:large, max-video-preview:-1\" \/>\n<link rel=\"canonical\" href=\"https:\/\/hostcnie.com\/demo\/almed\/abbott-molecular\/\" \/>\n<meta property=\"og:locale\" content=\"fr_FR\" \/>\n<meta property=\"og:type\" content=\"article\" \/>\n<meta property=\"og:title\" content=\"Abbott molecular Alg\u00e9rie - ALMED\" \/>\n<meta property=\"og:description\" content=\"Explorez la gamme compl\u00e8te de solutions de Abbott Molecular Alg\u00e9rie pour r\u00e9pondre aux besoins de votre laboratoire ou de votre pratique m\u00e9dicale. Des technologies de pointe pour des r\u00e9sultats pr\u00e9cis et rapides.\" \/>\n<meta property=\"og:url\" content=\"https:\/\/hostcnie.com\/demo\/almed\/abbott-molecular\/\" \/>\n<meta property=\"og:site_name\" content=\"ALMED\" \/>\n<meta property=\"article:modified_time\" content=\"2024-05-13T11:00:41+00:00\" \/>\n<meta property=\"og:image\" content=\"https:\/\/hostcnie.com\/demo\/almed\/wp-content\/uploads\/2023\/09\/abbott-molecolar.jpg\" \/>\n<meta name=\"twitter:card\" content=\"summary_large_image\" \/>\n<meta name=\"twitter:label1\" content=\"Dur\u00e9e de lecture estim\u00e9e\" \/>\n\t<meta name=\"twitter:data1\" content=\"3 minutes\" \/>\n<script type=\"application\/ld+json\" class=\"yoast-schema-graph\">{\"@context\":\"https:\/\/schema.org\",\"@graph\":[{\"@type\":\"WebPage\",\"@id\":\"https:\/\/hostcnie.com\/demo\/almed\/abbott-molecular\/\",\"url\":\"https:\/\/hostcnie.com\/demo\/almed\/abbott-molecular\/\",\"name\":\"Abbott molecular Alg\u00e9rie - ALMED\",\"isPartOf\":{\"@id\":\"https:\/\/hostcnie.com\/demo\/almed\/#website\"},\"datePublished\":\"2023-09-24T12:48:19+00:00\",\"dateModified\":\"2024-05-13T11:00:41+00:00\",\"description\":\"Explorez la gamme compl\u00e8te de solutions de Abbott Molecular Alg\u00e9rie pour r\u00e9pondre aux besoins de votre laboratoire ou de votre pratique m\u00e9dicale. Des technologies de pointe pour des r\u00e9sultats pr\u00e9cis et rapides.\",\"breadcrumb\":{\"@id\":\"https:\/\/hostcnie.com\/demo\/almed\/abbott-molecular\/#breadcrumb\"},\"inLanguage\":\"fr-FR\",\"potentialAction\":[{\"@type\":\"ReadAction\",\"target\":[\"https:\/\/hostcnie.com\/demo\/almed\/abbott-molecular\/\"]}]},{\"@type\":\"BreadcrumbList\",\"@id\":\"https:\/\/hostcnie.com\/demo\/almed\/abbott-molecular\/#breadcrumb\",\"itemListElement\":[{\"@type\":\"ListItem\",\"position\":1,\"name\":\"Accueil\",\"item\":\"https:\/\/hostcnie.com\/demo\/almed\/\"},{\"@type\":\"ListItem\",\"position\":2,\"name\":\"Abbott molecular\"}]},{\"@type\":\"WebSite\",\"@id\":\"https:\/\/hostcnie.com\/demo\/almed\/#website\",\"url\":\"https:\/\/hostcnie.com\/demo\/almed\/\",\"name\":\"ALMED\",\"description\":\"Importateur et distributeur de mat\u00e9riel m\u00e9dical et de r\u00e9actifs en Alg\u00e9rie\",\"publisher\":{\"@id\":\"https:\/\/hostcnie.com\/demo\/almed\/#organization\"},\"potentialAction\":[{\"@type\":\"SearchAction\",\"target\":{\"@type\":\"EntryPoint\",\"urlTemplate\":\"https:\/\/hostcnie.com\/demo\/almed\/?s={search_term_string}\"},\"query-input\":\"required name=search_term_string\"}],\"inLanguage\":\"fr-FR\"},{\"@type\":\"Organization\",\"@id\":\"https:\/\/hostcnie.com\/demo\/almed\/#organization\",\"name\":\"ALMED\",\"url\":\"https:\/\/hostcnie.com\/demo\/almed\/\",\"logo\":{\"@type\":\"ImageObject\",\"inLanguage\":\"fr-FR\",\"@id\":\"https:\/\/hostcnie.com\/demo\/almed\/#\/schema\/logo\/image\/\",\"url\":\"https:\/\/hostcnie.com\/demo\/almed\/wp-content\/uploads\/2023\/09\/logo-almed.jpg\",\"contentUrl\":\"https:\/\/hostcnie.com\/demo\/almed\/wp-content\/uploads\/2023\/09\/logo-almed.jpg\",\"width\":615,\"height\":239,\"caption\":\"ALMED\"},\"image\":{\"@id\":\"https:\/\/hostcnie.com\/demo\/almed\/#\/schema\/logo\/image\/\"}}]}<\/script>\n<!-- \/ Yoast SEO plugin. -->","yoast_head_json":{"title":"Abbott molecular Alg\u00e9rie - ALMED","description":"Explorez la gamme compl\u00e8te de solutions de Abbott Molecular Alg\u00e9rie pour r\u00e9pondre aux besoins de votre laboratoire ou de votre pratique m\u00e9dicale. Des technologies de pointe pour des r\u00e9sultats pr\u00e9cis et rapides.","robots":{"index":"index","follow":"follow","max-snippet":"max-snippet:-1","max-image-preview":"max-image-preview:large","max-video-preview":"max-video-preview:-1"},"canonical":"https:\/\/hostcnie.com\/demo\/almed\/abbott-molecular\/","og_locale":"fr_FR","og_type":"article","og_title":"Abbott molecular Alg\u00e9rie - ALMED","og_description":"Explorez la gamme compl\u00e8te de solutions de Abbott Molecular Alg\u00e9rie pour r\u00e9pondre aux besoins de votre laboratoire ou de votre pratique m\u00e9dicale. Des technologies de pointe pour des r\u00e9sultats pr\u00e9cis et rapides.","og_url":"https:\/\/hostcnie.com\/demo\/almed\/abbott-molecular\/","og_site_name":"ALMED","article_modified_time":"2024-05-13T11:00:41+00:00","og_image":[{"url":"https:\/\/hostcnie.com\/demo\/almed\/wp-content\/uploads\/2023\/09\/abbott-molecolar.jpg"}],"twitter_card":"summary_large_image","twitter_misc":{"Dur\u00e9e de lecture estim\u00e9e":"3 minutes"},"schema":{"@context":"https:\/\/schema.org","@graph":[{"@type":"WebPage","@id":"https:\/\/hostcnie.com\/demo\/almed\/abbott-molecular\/","url":"https:\/\/hostcnie.com\/demo\/almed\/abbott-molecular\/","name":"Abbott molecular Alg\u00e9rie - ALMED","isPartOf":{"@id":"https:\/\/hostcnie.com\/demo\/almed\/#website"},"datePublished":"2023-09-24T12:48:19+00:00","dateModified":"2024-05-13T11:00:41+00:00","description":"Explorez la gamme compl\u00e8te de solutions de Abbott Molecular Alg\u00e9rie pour r\u00e9pondre aux besoins de votre laboratoire ou de votre pratique m\u00e9dicale. Des technologies de pointe pour des r\u00e9sultats pr\u00e9cis et rapides.","breadcrumb":{"@id":"https:\/\/hostcnie.com\/demo\/almed\/abbott-molecular\/#breadcrumb"},"inLanguage":"fr-FR","potentialAction":[{"@type":"ReadAction","target":["https:\/\/hostcnie.com\/demo\/almed\/abbott-molecular\/"]}]},{"@type":"BreadcrumbList","@id":"https:\/\/hostcnie.com\/demo\/almed\/abbott-molecular\/#breadcrumb","itemListElement":[{"@type":"ListItem","position":1,"name":"Accueil","item":"https:\/\/hostcnie.com\/demo\/almed\/"},{"@type":"ListItem","position":2,"name":"Abbott molecular"}]},{"@type":"WebSite","@id":"https:\/\/hostcnie.com\/demo\/almed\/#website","url":"https:\/\/hostcnie.com\/demo\/almed\/","name":"ALMED","description":"Importateur et distributeur de mat\u00e9riel m\u00e9dical et de r\u00e9actifs en Alg\u00e9rie","publisher":{"@id":"https:\/\/hostcnie.com\/demo\/almed\/#organization"},"potentialAction":[{"@type":"SearchAction","target":{"@type":"EntryPoint","urlTemplate":"https:\/\/hostcnie.com\/demo\/almed\/?s={search_term_string}"},"query-input":"required name=search_term_string"}],"inLanguage":"fr-FR"},{"@type":"Organization","@id":"https:\/\/hostcnie.com\/demo\/almed\/#organization","name":"ALMED","url":"https:\/\/hostcnie.com\/demo\/almed\/","logo":{"@type":"ImageObject","inLanguage":"fr-FR","@id":"https:\/\/hostcnie.com\/demo\/almed\/#\/schema\/logo\/image\/","url":"https:\/\/hostcnie.com\/demo\/almed\/wp-content\/uploads\/2023\/09\/logo-almed.jpg","contentUrl":"https:\/\/hostcnie.com\/demo\/almed\/wp-content\/uploads\/2023\/09\/logo-almed.jpg","width":615,"height":239,"caption":"ALMED"},"image":{"@id":"https:\/\/hostcnie.com\/demo\/almed\/#\/schema\/logo\/image\/"}}]}},"_links":{"self":[{"href":"https:\/\/hostcnie.com\/demo\/almed\/wp-json\/wp\/v2\/pages\/10534","targetHints":{"allow":["GET"]}}],"collection":[{"href":"https:\/\/hostcnie.com\/demo\/almed\/wp-json\/wp\/v2\/pages"}],"about":[{"href":"https:\/\/hostcnie.com\/demo\/almed\/wp-json\/wp\/v2\/types\/page"}],"author":[{"embeddable":true,"href":"https:\/\/hostcnie.com\/demo\/almed\/wp-json\/wp\/v2\/users\/1"}],"replies":[{"embeddable":true,"href":"https:\/\/hostcnie.com\/demo\/almed\/wp-json\/wp\/v2\/comments?post=10534"}],"version-history":[{"count":67,"href":"https:\/\/hostcnie.com\/demo\/almed\/wp-json\/wp\/v2\/pages\/10534\/revisions"}],"predecessor-version":[{"id":12750,"href":"https:\/\/hostcnie.com\/demo\/almed\/wp-json\/wp\/v2\/pages\/10534\/revisions\/12750"}],"wp:attachment":[{"href":"https:\/\/hostcnie.com\/demo\/almed\/wp-json\/wp\/v2\/media?parent=10534"}],"curies":[{"name":"wp","href":"https:\/\/api.w.org\/{rel}","templated":true}]}}